190
In base 15, what is 996 + 1?
997
In base 11, what is 346 - -20?
366
In base 12, what is 553 - -34?
587
In base 4, what is -132031 - -11120?
-120311
In base 8, what is -242 - 146?
-410
In base 8, what is 1 + -6517?
-6516
In base 2, what is -10 - -10010010000111?
10010010000101
In base 12, what is 3 - -1b0b?
1b12
In base 8, what is -656620 + -24?
-656644
In base 14, what is 31 - -1120?
1151
In base 5, what is 331 - 2321?
-1440
In base 10, what is 497 - -1945?
2442
In base 12, what is 706 - -1b6?
900
In base 14, what is 8d + -1a1?
-112
In base 12, what is -67a7 - 1?
-67a8
In base 4, what is -301001 + 12021?
-222320
In base 13, what is 0 - 35b69?
-35b69
In base 3, what is 202 + -2012101221?
-2012101012
In base 2, what is -101 - 100101000100101?
-100101000101010
In base 15, what is -6c67 - a?
-6c72
In base 9, what is 257 + -5?
252
In base 9, what is 146653 + -4?
146648
In base 3, what is 0 + -2211120110?
-2211120110
In base 13, what is 3 + -136b9?
-136b6
In base 4, what is -103203113 + -21?
-103203200
In base 4, what is -11 - -102122302?
102122231
In base 16, what is -bc0 + -3?
-bc3
In base 7, what is 4 + 403546?
403553
In base 11, what is -4 + 16336a?
163366
In base 2, what is 1111000001001110010 + 100?
1111000001001110110
In base 8, what is 3 + -13152?
-13147
In base 8, what is 5136616 + -1?
5136615
In base 15, what is 10 - -494a5?
494b5
In base 8, what is 0 + 1153?
1153
In base 15, what is -6 + -38100?
-38106
In base 6, what is 3 - 403543?
-403540
In base 4, what is -202 - -23030121?
23023313
In base 12, what is -13 - 30461?
-30474
In base 11, what is -472 - 4563?
-4a25
In base 9, what is -24308 - -5?
-24303
In base 7, what is -354252 - 1?
-354253
In base 11, what is -6203 + 6?
-61a8
In base 9, what is 2 - 2343?
-2341
In base 14, what is -5487 - -41?
-5446
In base 15, what is -c2 - 1?
-c3
In base 16, what is 5 - 1fcbe?
-1fcb9
In base 6, what is -2 + 140020?
140014
In base 16, what is -2 - -5c6cd?
5c6cb
In base 3, what is 20021022 + 21210?
20120002
In base 9, what is 13730 - 3?
13726
In base 15, what is 0 + -2981?
-2981
In base 9, what is 2144338 - -5?
2144344
In base 16, what is 9 + -461?
-458
In base 14, what is -468 + 152?
-316
In base 3, what is 21 + -221112212?
-221112121
In base 14, what is 1490d + -33?
148ba
In base 8, what is -2667 + -164?
-3053
In base 5, what is -3 + -233210431?
-233210434
In base 12, what is 73 + 5472?
5525
In base 8, what is 731 + -3?
726
In base 4, what is 13 + 32323133?
32323212
In base 8, what is 30744 - -102?
31046
In base 14, what is -96c3c + 4?
-96c38
In base 13, what is -4 - -a4c8?
a4c4
In base 15, what is 47ab + -41?
476a
In base 12, what is -809 - -126?
-6a3
In base 7, what is -3 + -225156?
-225162
In base 6, what is -2054 - 14?
-2112
In base 8, what is 25060 + -33?
25025
In base 2, what is 1000011 - -1101000111101?
1101010000000
In base 10, what is -7 - -2745?
2738
In base 3, what is 111 - 1010200121?
-1010200010
In base 11, what is -10 - 2953?
-2963
In base 11, what is 1a6 + -14507?
-14311
In base 10, what is -5 - -15047?
15042
In base 8, what is 4747653 + -3?
4747650
In base 12, what is -5 + 132b55?
132b50
In base 3, what is 101 + 201200020?
201200121
In base 5, what is -13231 - -32131?
13400
In base 12, what is -28 + -3751?
-3779
In base 6, what is 413 + 335?
1152
In base 5, what is 111433140 - -21?
111433211
In base 14, what is 12 + -693d?
-692b
In base 16, what is 0 + 49e3?
49e3
In base 12, what is -2 + -18004?
-18006
In base 8, what is -13103601 + -5?
-13103606
In base 6, what is -30100 + 54?
-30002
In base 13, what is 2a3 + -a3?
200
In base 8, what is 30 + -35033?
-35003
In base 14, what is 0 + 16b4?
16b4
In base 5, what is 3 + -30402?
-30344
In base 7, what is -1614 + 24656?
23042
In base 16, what is 22 + 5ea?
60c
In base 14, what is 8ba + -288?
632
In base 5, what is 2 + 43000?
43002
In base 2, what is -101 + 100000011?
11111110
In base 5, what is 1421 - -2214?
4140
In base 10, what is -67397 + 39?
-67358
In base 14, what is aa242 + -3?
aa23d
In base 4, what is -10 - -2221011?
2221001
In base 5, what is -10 - -232111?
232101
In base 11, what is 2 - 1538?
-1536
In base 14, what is 9510 + -3?
950b
In base 13, what is -7 + -18513?
-1851a
In base 7, what is -3 + 542135?
542132
In base 15, what is 57 - 4b1?
-459
In base 3, what is 1012212 - -102101?
1122020
In base 13, what is 1a8 + 9?
1b4
In base 8, what is -1066 - 30?
-1116
In base 7, what is 2501 + 342?
3143
In base 15, what is -4cd + 30?
-49d
In base 8, what is 3606 + -4?
3602
In base 2, what is 0 + 100001111011100?
100001111011100
In base 10, what is -3231 - -42?
-3189
In base 4, what is 20 - 1032301?
-1032221
In base 13, what is -70 + 94?
24
In base 5, what is -42 + 21111?
21014
In base 2, what is 111000010110011011 + 11?
111000010110011110
In base 4, what is 2101102 + -3?
2101033
In base 13, what is -1133336 + 5?
-1133331
In base 6, what is 2131 - 32?
2055
In base 15, what is 17ecae - -4?
17ecb3
In base 4, what is -133200 - 11131?
-210331
In base 4, what is 121 - 232132?
-232011
In base 6, what is -131140 + 11?
-131125
In base 15, what is -559b1 - -3?
-559ad
In base 15, what is 4 - cc6be?
-cc6ba
In base 13, what is 6bc + 21b?
90a
In base 13, what is -699 - 95?
-761
In base 11, what is 512 - a1?
421
In base 7, what is 1406 - 110?
1266
In base 12, what is -3 - -83467?
83464
In base 4, what is -102011 + -3000?
-111011
In base 13, what is -9200b - 2?
-92010
In base 3, what is -1022212 + -1020001?
-2112220
In base 9, what is -141815 + 0?
-141815
In base 9, what is 0 + 2007588?
2007588
In base 16, what is -d3f + -bc?
-dfb
In base 12, what is -494b1 - 1?
-494b2
In base 8, what is -55 - 4174?
-4251
In base 8, what is 5 - 1173660?
-1173653
In base 6, what is -1320 + -22034?
-23354
In base 2, what is -101 - -1101000111000000?
1101000110111011
In base 9, what is -7374 + -64?
-7448
In base 2, what is -10011110000000 - -1011?
-10011101110101
In base 13, what is 5 - 2cb3?
-2cab
In base 16, what is 599c + -1b?
5981
In base 9, what is -3 + 3563?
3560
In base 11, what is 1 - -46584?
46585
In base 15, what is eaa + -7c?
e2d
In base 11, what is 4 + 4504?
4508
In base 2, what is -1100111010000 + -11001100?
-1101010011100
In base 10, what is 24 + -3855?
-3831
In base 14, what is -33 + aa8d?
aa5a
In base 15, what is -9 + -53d?
-547
In base 11, what is 74 - 710a?
-7046
In base 12, what is -4b933 + -5?
-4b938
In base 11, what is 0 - 344a0?
-344a0
In base 8, what is 4 - -7313?
7317
In base 15, what is 27668 + 3?
2766b
In base 7, what is -1 + 3604166?
3604165
In base 9, what is -3505 + 3?
-3502
In base 6, what is 3221 - -5240?
12501
In base 3, what is 2 - -1112202122?
1112202201
In base 15, what is -6345 - -3?
-6342
In base 4, what is -321130 - -2210?
-312320
In base 4, what is 1210200 + 20?
1210220
In base 11, what is -a + -6688?
-6697
In base 13, what is -ba80 + -3?
-ba83
In base 5, what is 304444 - -212?
310211
In base 16, what is -12b02 + -1?
-12b03
In base 10, what is -1595 - 15?
-1610
In base 7, what is 2 - 555114?
-555112
In base 7, what is -1113 + -2315?
-3431
In base 9, what is 1 - 60500?
-60488
In base 14, what is -16 + -653?
-669
In base 3, what is -112221 + 20100?
-22121
In base 10, what is -2 - -6473?
6471
In base 10, what is 1313 + 28?
1341
In base 16, what is 4 + -b7fd?
-b7f9
In base 6, what is 3142 - 4045?
-503
In base 15, what is -10d - b8?
-1c6
In base 15, what is -4 + 37c7?
37c3
In base 11, what is -5 + -191a6?
-19200
In base 11, what is -56 + 634?
589
In base 5, what is 1143322 + -4?
1143313
In base 6, what is -14 + -13304102?
-13304120
In base 12, what is 4 + -107240?
-107238
In base 10, what is 2540218 - 0?
2540218
In base 10, what is 2598 - 317?
2281
In base 6, what is -1503540 - 1?
-1503541
In base 6, what is 14 + -112543?
-112525
In base 5, what is 11133 - -4342?
21030
In base 3, what is -2101222201 + 2020?
-2101220111
In base 10, what is -82884 + -5?
-82889
In base 14, what is -cc + -369b?
-3789
In base 16, what is -218974 - -5?
-21896f
In base 7, what is -245662 + 0?
-245662
In base 15, what is 1103 - d8?
101a
In base 8, what is 0 + -4037370?
-4037370
In base 14, what is 6 + -c6d?
-c67
In base 15, what is 77979 - 0?
77979
In base 2, what is 11110101101110 - -101010?
11110110011000
In base 7, what is -5354 - -2206?
-3145
In base 11, what 